{"id":1156,"date":"2020-07-18T11:09:21","date_gmt":"2020-07-18T17:09:21","guid":{"rendered":"https:\/\/www.colegiosansebastian.edu.gt\/?page_id=1156"},"modified":"2020-07-23T23:12:48","modified_gmt":"2020-07-24T05:12:48","slug":"banda-marcial-copia","status":"publish","type":"page","link":"https:\/\/www.colegiosansebastian.edu.gt\/?page_id=1156","title":{"rendered":"Banda Guerra"},"content":{"rendered":"<\/div><\/div><\/div><!-- close content main div --><\/div><\/div><div id='av-layout-grid-1' class='av-layout-grid-container entry-content-wrapper main_color av-flex-cells     container_wrap sidebar_right'   >\n<div class=\"flex_cell no_margin av_one_full    \" style='vertical-align:top; padding:0px 0px 0px 0px ; '><div class='flex_cell_inner' ><p><div class='avia-image-container  av-styling-     avia-align-center '  itemscope=\"itemscope\" itemtype=\"https:\/\/schema.org\/ImageObject\"  ><div class='avia-image-container-inner'><img class='avia_image ' src='https:\/\/i0.wp.com\/www.colegiosansebastian.edu.gt\/wp-content\/uploads\/2020\/07\/header-banda-de-guerra.jpg?fit=1995%2C398&ssl=1' alt='' title=''   itemprop=\"thumbnailUrl\"  \/><\/div><\/div><br \/>\n<section class=\"av_textblock_section \"  itemscope=\"itemscope\" itemtype=\"https:\/\/schema.org\/CreativeWork\" ><div class='avia_textblock  '   itemprop=\"text\" ><h1><\/h1>\n<h1><\/h1>\n<h1><\/h1>\n<p style=\"text-align: center;\"><span style=\"color: #ffffff;\">H<\/span><\/p>\n<\/div><\/section><br \/>\n<section class=\"av_textblock_section \"  itemscope=\"itemscope\" itemtype=\"https:\/\/schema.org\/CreativeWork\" ><div class='avia_textblock  '   itemprop=\"text\" ><h1><\/h1>\n<h1><\/h1>\n<h1><\/h1>\n<h1 style=\"text-align: center;\"><span style=\"color: #3366ff;\">HISTORIA DE LA BANDA DE GUERRA<\/span><\/h1>\n<\/div><\/section><\/p>\n<\/div><\/div>\n<\/div>\n<\/div><\/div><\/div><!-- close content main div --><\/div><\/div><div id='av-layout-grid-2' class='av-layout-grid-container entry-content-wrapper main_color av-flex-cells    container_wrap sidebar_right'   >\n<div class=\"flex_cell no_margin av_one_full    \" style='vertical-align:top; padding:10px 10px 20px 10px ; '><div class='flex_cell_inner' ><p><div class=\"flex_column av_one_half  no_margin flex_column_div first   \" style='padding:0px 0px 0px 60px ; border-radius:0px; '><section class=\"av_textblock_section \"  itemscope=\"itemscope\" itemtype=\"https:\/\/schema.org\/CreativeWork\" ><div class='avia_textblock  '  style='font-size:18px; '  itemprop=\"text\" ><p><span style=\"color: #333333;\">Nuestra gloriosa Banda de Guerra nace por iniciativa del fundador del colegio, Monse\u00f1or Mariano Rossell y Arellano en el a\u00f1o de 1950 con doce trompetas y doce tambores.\u00a0 El motivo para establecer la banda en este a\u00f1o fue el Congreso Eucar\u00edstico Arquidiocesano de Guatemala y Centro Am\u00e9rica que tuvo lugar en el a\u00f1o de 1951, a\u00f1o y ocasi\u00f3n en donde se presenta por primera vez ya organizada y constituida formalmente tocando \u201cHonores\u201d.<\/span><\/p>\n<p><span style=\"color: #333333;\">Su filosof\u00eda se fundamenta en tres principios b\u00e1sicos: <em><strong>\u201chonor, sacrificio y disciplina\u201d<\/strong><\/em> como reza en su escudo oficial.\u00a0<\/span><\/p>\n<p><span style=\"color: #333333;\">Sus trompetas de fanfarrea, \u00fanicas en su g\u00e9nero y tonalidad hasta la fecha, su escuadra de tamborines, marcadores, tambores, liras y bombos han hecho vibrar el coraz\u00f3n de cada alumno y ex alumno al escuchar sus ritmos marciales y fanfarreas caracter\u00edsticas que dan gallard\u00eda y elegancia a la banda en cada una de las actividades donde se presenta.<\/span><\/p>\n<p><span style=\"color: #333333;\">Honor y gloria a los antiguos directores y comandantes de nuestra Banda de Guerra: a don Rafael Chapas (maestro y fundador de la banda), al maestro Efra\u00edn Flores (director y autor de muchas de las marchas que entonan las trompetas), al maestro Jos\u00e9 Gonzalo Arag\u00f3n (maestro autor de marchas interpretadas por toda la banda), a cada uno de sus comandantes, alumnos integrantes de cada a\u00f1o, maestros encargados y ex alumnos colaboradores que, a\u00f1o con a\u00f1o, dan su trabajo y esfuerzo para el engrandecimiento de la misma.<\/span><\/p>\n<\/div><\/section><\/div><div class=\"flex_column av_one_half  no_margin flex_column_div    \" style='padding:0px 0px 0px 60px ; border-radius:0px; '><div class='avia-image-container avia_animated_image avia_animate_when_almost_visible right-to-left av-styling-     avia-align-center '  itemscope=\"itemscope\" itemtype=\"https:\/\/schema.org\/ImageObject\"  ><div class='avia-image-container-inner'><img class='avia_image ' src='https:\/\/i0.wp.com\/www.colegiosansebastian.edu.gt\/wp-content\/uploads\/2020\/07\/banda-de-guerra.png?fit=438%2C600&ssl=1' alt='' title=''   itemprop=\"thumbnailUrl\"  \/><\/div><\/div><\/div><\/p>\n<\/div><\/div>\n<\/div>\n<\/div><\/div><\/div><!-- close content main div --><\/div><\/div><div id='av-layout-grid-3' class='av-layout-grid-container entry-content-wrapper main_color av-flex-cells    container_wrap sidebar_right'   >\n<div class=\"flex_cell no_margin av_one_full    \" style='vertical-align:top; padding:30px 10px 30px 10px ; background-color:#d8d8d8; '><div class='flex_cell_inner' ><p><div class=\"flex_column av_one_half  no_margin flex_column_div first   \" style='padding:0px 0px 0px 60px ; border-radius:0px; '><p><div class='avia-image-container avia_animated_image avia_animate_when_almost_visible left-to-right av-styling-     avia-align-center '  itemscope=\"itemscope\" itemtype=\"https:\/\/schema.org\/ImageObject\"  ><div class='avia-image-container-inner'><img class='avia_image ' src='https:\/\/i0.wp.com\/www.colegiosansebastian.edu.gt\/wp-content\/uploads\/2020\/07\/banda-de-guerra2.png?fit=500%2C359&ssl=1' alt='banda de guerra san sebasti\u00e1n' title=''   itemprop=\"thumbnailUrl\"  \/><\/div><\/div><br \/>\n<div class='avia-image-container avia_animated_image avia_animate_when_almost_visible left-to-right av-styling-     avia-align-center '  itemscope=\"itemscope\" itemtype=\"https:\/\/schema.org\/ImageObject\"  ><div class='avia-image-container-inner'><img class='avia_image ' src='https:\/\/i0.wp.com\/www.colegiosansebastian.edu.gt\/wp-content\/uploads\/2020\/07\/banda-de-guerra4.png?fit=500%2C502&ssl=1' alt='' title=''   itemprop=\"thumbnailUrl\"  \/><\/div><\/div><\/p><\/div><div class=\"flex_column av_one_half  no_margin flex_column_div    \" style='padding:0px 60px 0px 60px ; border-radius:0px; '><section class=\"av_textblock_section \"  itemscope=\"itemscope\" itemtype=\"https:\/\/schema.org\/CreativeWork\" ><div class='avia_textblock  '  style='font-size:18px; '  itemprop=\"text\" ><p><span style=\"color: #333333;\">Su escudo fue creado en Suiza en el a\u00f1o de 1959.\u00a0 En ocasiones especiales, la Banda de Guerra ha interpretado distintas fanf\u00e1rreas marciales para acompa\u00f1ar la marcha del Blanco Batall\u00f3n, dentro de ellas se encuentran: Siempre Fiel, El trueno de John Philip Souza; Honor y Gloria del maestro Mariano de Jes\u00fas D\u00edaz; San Sebasti\u00e1n el Capit\u00e1n Pretoriano y Fanfarreas de San Bernardino del ex alumno Tarsicio Hern\u00e1ndez, M\u00e1rmol Blanco del Licenciado y ex alumno Luis Francisco Soto L\u00f3pez.<\/span><\/p>\n<p><span style=\"color: #333333;\">Ha sido campeona en innumerables concursos de bandas y de orden cerrado en diferentes a\u00f1os y ha participado en festivales de bandas internacionales representando a Guatemala en la ciudad de Managua Nicaragua, siendo declarada como Campeona Centroamericana.<\/span><\/p>\n<p><span style=\"color: #333333;\">Se militariz\u00f3 en los a\u00f1os de 1961 y 1962 por el Ministro de la Defensa de la \u00e9poca, desfil\u00f3 por mucho tiempo portando fusiles.<\/span><\/p>\n<p><span style=\"color: #333333;\">Sus presentaciones marciales han sido variadas: desfiles c\u00edvicos en honor a la Patria, festivales juveniles, actividades religiosas, concursos de bandas escolares organizadas por el Ministerio de Educaci\u00f3n, Ministerio de la Defensa Nacional, Municipalidad de Guatemala, Cuerpo de Bomberos Voluntarios y Municipales, en la inauguraci\u00f3n de los Juegos Deportivos Universitarios Centroamericanos y del Caribe.<\/span><\/p>\n<p><span style=\"color: #333333;\">Una de sus actuaciones m\u00e1s importantes fue su participaci\u00f3n en el recibimiento al Trono de Honor de Consagraci\u00f3n de la Venerada Imagen de Jes\u00fas Nazareno de Los Milagros domingo de ramos\u00a0 4 de abril de 1993, frente a Catedral Metropolitana donde se congreg\u00f3 el pueblo cat\u00f3lico del pa\u00eds, sacerdotes y el Arzobispo Metropolitano Monse\u00f1or Pr\u00f3spero Penados del Barrio para Consagrarle.<\/span><\/p>\n<\/div><\/section><\/div><\/p>\n<\/div><\/div>\n<\/div>\n<\/div><\/div><\/div><!-- close content main div --><\/div><\/div><div id='av-layout-grid-4' class='av-layout-grid-container entry-content-wrapper main_color av-flex-cells    container_wrap sidebar_right'   >\n<div class=\"flex_cell no_margin av_one_full    \" style='vertical-align:top; padding:0px 0px 0px 0px ; background-color:#0084d5; '><div class='flex_cell_inner' ><p><div class=\"flex_column av_one_third  no_margin flex_column_div first   \" style='padding:30px 0px 0px 60px ; border-radius:0px; '><div class='avia-image-container avia_animated_image avia_animate_when_almost_visible right-to-left av-styling-     avia-align-center '  itemscope=\"itemscope\" itemtype=\"https:\/\/schema.org\/ImageObject\"  ><div class='avia-image-container-inner'><img class='avia_image ' src='https:\/\/i0.wp.com\/www.colegiosansebastian.edu.gt\/wp-content\/uploads\/2020\/07\/banda-de-guerra3.png?fit=500%2C359&ssl=1' alt='' title=''   itemprop=\"thumbnailUrl\"  \/><\/div><\/div><\/div><div class=\"flex_column av_one_third  no_margin flex_column_div    \" style='padding:30px 0px 0px 60px ; border-radius:0px; '><section class=\"av_textblock_section \"  itemscope=\"itemscope\" itemtype=\"https:\/\/schema.org\/CreativeWork\" ><div class='avia_textblock  '   itemprop=\"text\" ><p><span style=\"color: #ffffff;\">Entre sus directores de distintas \u00e9pocas podemos mencionar: Carlos Enrique Mendiz\u00e1bal quien fue su primer comandante en el a\u00f1o 1951, Rolando Marroqu\u00edn T\u00e1nchez, Edwin Leonel Motta, Sergio Ren\u00e9 Mansilla, Iv\u00e1n Azurdia, Edgar Rolando Marroqu\u00edn, Alejandro Guill\u00e9n, entre muchos ilustres alumnos que, a\u00f1o con a\u00f1o, dan su mejor esfuerzo y dedicaci\u00f3n para que la banda siga siendo una de las m\u00e1s prestigiosas y reconocidas a nivel nacional y centroamericano.<\/span><\/p>\n<\/div><\/section><\/div><div class=\"flex_column av_one_third  no_margin flex_column_div    \" style='padding:20px 0px 0px 60px ; border-radius:0px; '><div class='avia-image-container avia_animated_image avia_animate_when_almost_visible right-to-left av-styling-     avia-align-center '  itemscope=\"itemscope\" itemtype=\"https:\/\/schema.org\/ImageObject\"  ><div class='avia-image-container-inner'><img class='avia_image ' src='https:\/\/i0.wp.com\/www.colegiosansebastian.edu.gt\/wp-content\/uploads\/2020\/07\/banda-de-guerra5.png?fit=500%2C378&ssl=1' alt='' title=''   itemprop=\"thumbnailUrl\"  \/><\/div><\/div><\/div><\/p>\n<\/div><\/div><\/div>\n","protected":false},"excerpt":{"rendered":"","protected":false},"author":1,"featured_media":0,"parent":0,"menu_order":0,"comment_status":"closed","ping_status":"closed","template":"","meta":{"bgseo_title":"","bgseo_description":"","bgseo_robots_index":"","bgseo_robots_follow":"","_exactmetrics_skip_tracking":false,"_exactmetrics_sitenote_active":false,"_exactmetrics_sitenote_note":"","_exactmetrics_sitenote_category":0,"footnotes":""},"class_list":["post-1156","page","type-page","status-publish","hentry"],"jetpack_sharing_enabled":true,"_links":{"self":[{"href":"https:\/\/www.colegiosansebastian.edu.gt\/index.php?rest_route=\/wp\/v2\/pages\/1156","targetHints":{"allow":["GET"]}}],"collection":[{"href":"https:\/\/www.colegiosansebastian.edu.gt\/index.php?rest_route=\/wp\/v2\/pages"}],"about":[{"href":"https:\/\/www.colegiosansebastian.edu.gt\/index.php?rest_route=\/wp\/v2\/types\/page"}],"author":[{"embeddable":true,"href":"https:\/\/www.colegiosansebastian.edu.gt\/index.php?rest_route=\/wp\/v2\/users\/1"}],"replies":[{"embeddable":true,"href":"https:\/\/www.colegiosansebastian.edu.gt\/index.php?rest_route=%2Fwp%2Fv2%2Fcomments&post=1156"}],"version-history":[{"count":17,"href":"https:\/\/www.colegiosansebastian.edu.gt\/index.php?rest_route=\/wp\/v2\/pages\/1156\/revisions"}],"predecessor-version":[{"id":1394,"href":"https:\/\/www.colegiosansebastian.edu.gt\/index.php?rest_route=\/wp\/v2\/pages\/1156\/revisions\/1394"}],"wp:attachment":[{"href":"https:\/\/www.colegiosansebastian.edu.gt\/index.php?rest_route=%2Fwp%2Fv2%2Fmedia&parent=1156"}],"curies":[{"name":"wp","href":"https:\/\/api.w.org\/{rel}","templated":true}]}}

</div></div></div><!-- close content main div --></div></div><div id='av-layout-grid-1' class='av-layout-grid-container entry-content-wrapper main_color av-flex-cells     container_wrap sidebar_right'   >
<div class="flex_cell no_margin av_one_full    " style='vertical-align:top; padding:0px 0px 0px 0px ; '><div class='flex_cell_inner' ><p><div class='avia-image-container  av-styling-     avia-align-center '  itemscope="itemscope" itemtype="https://schema.org/ImageObject"  ><div class='avia-image-container-inner'><img class='avia_image ' src='https://i0.wp.com/www.colegiosansebastian.edu.gt/wp-content/uploads/2020/07/header-banda-de-guerra.jpg?fit=1995%2C398&ssl=1' alt='' title=''   itemprop="thumbnailUrl"  /></div></div><br />
<section class="av_textblock_section "  itemscope="itemscope" itemtype="https://schema.org/CreativeWork" ><div class='avia_textblock  '   itemprop="text" ><h1></h1>
<h1></h1>
<h1></h1>
<p style="text-align: center;"><span style="color: #ffffff;">H</span></p>
</div></section><br />
<section class="av_textblock_section "  itemscope="itemscope" itemtype="https://schema.org/CreativeWork" ><div class='avia_textblock  '   itemprop="text" ><h1></h1>
<h1></h1>
<h1></h1>
<h1 style="text-align: center;"><span style="color: #3366ff;">HISTORIA DE LA BANDA DE GUERRA</span></h1>
</div></section></p>
</div></div>
</div>
</div></div></div><!-- close content main div --></div></div><div id='av-layout-grid-2' class='av-layout-grid-container entry-content-wrapper main_color av-flex-cells    container_wrap sidebar_right'   >
<div class="flex_cell no_margin av_one_full    " style='vertical-align:top; padding:10px 10px 20px 10px ; '><div class='flex_cell_inner' ><p><div class="flex_column av_one_half  no_margin flex_column_div first   " style='padding:0px 0px 0px 60px ; border-radius:0px; '><section class="av_textblock_section "  itemscope="itemscope" itemtype="https://schema.org/CreativeWork" ><div class='avia_textblock  '  style='font-size:18px; '  itemprop="text" ><p><span style="color: #333333;">Nuestra gloriosa Banda de Guerra nace por iniciativa del fundador del colegio, Monseñor Mariano Rossell y Arellano en el año de 1950 con doce trompetas y doce tambores.  El motivo para establecer la banda en este año fue el Congreso Eucarístico Arquidiocesano de Guatemala y Centro América que tuvo lugar en el año de 1951, año y ocasión en donde se presenta por primera vez ya organizada y constituida formalmente tocando “Honores”.</span></p>
<p><span style="color: #333333;">Su filosofía se fundamenta en tres principios básicos: <em><strong>“honor, sacrificio y disciplina”</strong></em> como reza en su escudo oficial. </span></p>
<p><span style="color: #333333;">Sus trompetas de fanfarrea, únicas en su género y tonalidad hasta la fecha, su escuadra de tamborines, marcadores, tambores, liras y bombos han hecho vibrar el corazón de cada alumno y ex alumno al escuchar sus ritmos marciales y fanfarreas características que dan gallardía y elegancia a la banda en cada una de las actividades donde se presenta.</span></p>
<p><span style="color: #333333;">Honor y gloria a los antiguos directores y comandantes de nuestra Banda de Guerra: a don Rafael Chapas (maestro y fundador de la banda), al maestro Efraín Flores (director y autor de muchas de las marchas que entonan las trompetas), al maestro José Gonzalo Aragón (maestro autor de marchas interpretadas por toda la banda), a cada uno de sus comandantes, alumnos integrantes de cada año, maestros encargados y ex alumnos colaboradores que, año con año, dan su trabajo y esfuerzo para el engrandecimiento de la misma.</span></p>
</div></section></div><div class="flex_column av_one_half  no_margin flex_column_div    " style='padding:0px 0px 0px 60px ; border-radius:0px; '><div class='avia-image-container avia_animated_image avia_animate_when_almost_visible right-to-left av-styling-     avia-align-center '  itemscope="itemscope" itemtype="https://schema.org/ImageObject"  ><div class='avia-image-container-inner'><img class='avia_image ' src='https://i0.wp.com/www.colegiosansebastian.edu.gt/wp-content/uploads/2020/07/banda-de-guerra.png?fit=438%2C600&ssl=1' alt='' title=''   itemprop="thumbnailUrl"  /></div></div></div></p>
</div></div>
</div>
</div></div></div><!-- close content main div --></div></div><div id='av-layout-grid-3' class='av-layout-grid-container entry-content-wrapper main_color av-flex-cells    container_wrap sidebar_right'   >
<div class="flex_cell no_margin av_one_full    " style='vertical-align:top; padding:30px 10px 30px 10px ; background-color:#d8d8d8; '><div class='flex_cell_inner' ><p><div class="flex_column av_one_half  no_margin flex_column_div first   " style='padding:0px 0px 0px 60px ; border-radius:0px; '><p><div class='avia-image-container avia_animated_image avia_animate_when_almost_visible left-to-right av-styling-     avia-align-center '  itemscope="itemscope" itemtype="https://schema.org/ImageObject"  ><div class='avia-image-container-inner'><img class='avia_image ' src='https://i0.wp.com/www.colegiosansebastian.edu.gt/wp-content/uploads/2020/07/banda-de-guerra2.png?fit=500%2C359&ssl=1' alt='banda de guerra san sebastián' title=''   itemprop="thumbnailUrl"  /></div></div><br />
<div class='avia-image-container avia_animated_image avia_animate_when_almost_visible left-to-right av-styling-     avia-align-center '  itemscope="itemscope" itemtype="https://schema.org/ImageObject"  ><div class='avia-image-container-inner'><img class='avia_image ' src='https://i0.wp.com/www.colegiosansebastian.edu.gt/wp-content/uploads/2020/07/banda-de-guerra4.png?fit=500%2C502&ssl=1' alt='' title=''   itemprop="thumbnailUrl"  /></div></div></p></div><div class="flex_column av_one_half  no_margin flex_column_div    " style='padding:0px 60px 0px 60px ; border-radius:0px; '><section class="av_textblock_section "  itemscope="itemscope" itemtype="https://schema.org/CreativeWork" ><div class='avia_textblock  '  style='font-size:18px; '  itemprop="text" ><p><span style="color: #333333;">Su escudo fue creado en Suiza en el año de 1959.  En ocasiones especiales, la Banda de Guerra ha interpretado distintas fanfárreas marciales para acompañar la marcha del Blanco Batallón, dentro de ellas se encuentran: Siempre Fiel, El trueno de John Philip Souza; Honor y Gloria del maestro Mariano de Jesús Díaz; San Sebastián el Capitán Pretoriano y Fanfarreas de San Bernardino del ex alumno Tarsicio Hernández, Mármol Blanco del Licenciado y ex alumno Luis Francisco Soto López.</span></p>
<p><span style="color: #333333;">Ha sido campeona en innumerables concursos de bandas y de orden cerrado en diferentes años y ha participado en festivales de bandas internacionales representando a Guatemala en la ciudad de Managua Nicaragua, siendo declarada como Campeona Centroamericana.</span></p>
<p><span style="color: #333333;">Se militarizó en los años de 1961 y 1962 por el Ministro de la Defensa de la época, desfiló por mucho tiempo portando fusiles.</span></p>
<p><span style="color: #333333;">Sus presentaciones marciales han sido variadas: desfiles cívicos en honor a la Patria, festivales juveniles, actividades religiosas, concursos de bandas escolares organizadas por el Ministerio de Educación, Ministerio de la Defensa Nacional, Municipalidad de Guatemala, Cuerpo de Bomberos Voluntarios y Municipales, en la inauguración de los Juegos Deportivos Universitarios Centroamericanos y del Caribe.</span></p>
<p><span style="color: #333333;">Una de sus actuaciones más importantes fue su participación en el recibimiento al Trono de Honor de Consagración de la Venerada Imagen de Jesús Nazareno de Los Milagros domingo de ramos  4 de abril de 1993, frente a Catedral Metropolitana donde se congregó el pueblo católico del país, sacerdotes y el Arzobispo Metropolitano Monseñor Próspero Penados del Barrio para Consagrarle.</span></p>
</div></section></div></p>
</div></div>
</div>
</div></div></div><!-- close content main div --></div></div><div id='av-layout-grid-4' class='av-layout-grid-container entry-content-wrapper main_color av-flex-cells    container_wrap sidebar_right'   >
<div class="flex_cell no_margin av_one_full    " style='vertical-align:top; padding:0px 0px 0px 0px ; background-color:#0084d5; '><div class='flex_cell_inner' ><p><div class="flex_column av_one_third  no_margin flex_column_div first   " style='padding:30px 0px 0px 60px ; border-radius:0px; '><div class='avia-image-container avia_animated_image avia_animate_when_almost_visible right-to-left av-styling-     avia-align-center '  itemscope="itemscope" itemtype="https://schema.org/ImageObject"  ><div class='avia-image-container-inner'><img class='avia_image ' src='https://i0.wp.com/www.colegiosansebastian.edu.gt/wp-content/uploads/2020/07/banda-de-guerra3.png?fit=500%2C359&ssl=1' alt='' title=''   itemprop="thumbnailUrl"  /></div></div></div><div class="flex_column av_one_third  no_margin flex_column_div    " style='padding:30px 0px 0px 60px ; border-radius:0px; '><section class="av_textblock_section "  itemscope="itemscope" itemtype="https://schema.org/CreativeWork" ><div class='avia_textblock  '   itemprop="text" ><p><span style="color: #ffffff;">Entre sus directores de distintas épocas podemos mencionar: Carlos Enrique Mendizábal quien fue su primer comandante en el año 1951, Rolando Marroquín Tánchez, Edwin Leonel Motta, Sergio René Mansilla, Iván Azurdia, Edgar Rolando Marroquín, Alejandro Guillén, entre muchos ilustres alumnos que, año con año, dan su mejor esfuerzo y dedicación para que la banda siga siendo una de las más prestigiosas y reconocidas a nivel nacional y centroamericano.</span></p>
</div></section></div><div class="flex_column av_one_third  no_margin flex_column_div    " style='padding:20px 0px 0px 60px ; border-radius:0px; '><div class='avia-image-container avia_animated_image avia_animate_when_almost_visible right-to-left av-styling-     avia-align-center '  itemscope="itemscope" itemtype="https://schema.org/ImageObject"  ><div class='avia-image-container-inner'><img class='avia_image ' src='https://i0.wp.com/www.colegiosansebastian.edu.gt/wp-content/uploads/2020/07/banda-de-guerra5.png?fit=500%2C378&ssl=1' alt='' title=''   itemprop="thumbnailUrl"  /></div></div></div></p>
</div></div></div>
